6))/(4/14). Suppose r = 4*p - 382. What is the tens digit of p?
9
Suppose -226 = -5*s + 224. Let j = -39 + s. What is the tens digit of j?
5
Let h(y) = y**2 + y - 126. Let w(l) = -l**2 - 2*l + 251. Let m(s) = 5*h(s) + 3*w(s). What is the hundreds digit of m(0)?
1
Suppose 506 = 2*u + 132. What is the units digit of u?
7
Suppose -4*h - 5*s + 49 = 10, -5*h + 24 = -2*s. Let p(n) = -n**3 + 7*n**2 - 5*n - 6. Let d be p(h). Suppose d = 5*q - 150 - 95. What is the units digit of q?
9
Let m(u) = -3*u**2 - 3*u + 2. Let o be m(3). Suppose 600 = -4*j + 14*j. Let r = j + o. What is the tens digit of r?
2
Suppose 3*o = 3*r + 303, 3*o = -0*r + r + 313. What is the hundreds digit of o - (-4 - -4 - -2)?
1
Let j(u) = -4*u**3 - 5*u**2 - 8*u - 15. What is the tens digit of j(-4)?
9
Let b(j) = 14*j + 3. Let d be b(1). Let i(n) = 0*n + n**3 + 19 + d*n**2 + 5*n + 8*n. What is the units digit of i(-16)?
7
Let p = -4 + 38. Suppose 0*l - 5*l = 10. What is the tens digit of (4 - 6 - l) + p?
3
Let o(t) = 32*t**2 + 9*t + 47. What is the units digit of o(-4)?
3
Suppose 0 = -4*f + 3*w + 364, -3*f + 5*w + 284 = -0*f. Suppose 3*y - p + 3*p = -f, 0 = 5*y - 5*p + 155. Let t = 62 + y. What is the tens digit of t?
3
Suppose 2*r = -4*p + 4824, 3*p - 73*r = -71*r + 3604. What is the units digit of p?
4
Suppose 4*i + 6 = -10, g + 9 = -3*i. Suppose 7*o - g*o - 379 = -3*t, -4*t + 499 = -o. Let w = t - 89. What is the units digit of w?
6
Let c(v) = -2*v**3 - 5*v**2 - 12*v - 2. Let l be c(-5). Suppose 87 + l = 3*j. What is the units digit of j?
0
Suppose 11*h - 264 - 484 = 0. Suppose -5*r + 4*i + h = -r, 0 = 4*i - 12. What is the units digit of r?
0
Suppose -2*a + 4*x = -232, 3*a = x - 4*x + 366. Suppose -8*q + a + 712 = 0. What is the hundreds digit of q?
1
Let p = -36 + -3. Let v = p + 19. Let b = v - -48. What is the tens digit of b?
2
Suppose -2*q = m - 8 - 3, q = -4*m + 79. Suppose 5*p - 4 + m = 2*y, 3*p + 9 = y. What is the units digit of y?
6
Let q(w) = -3*w**3 + w**2 - 2*w - 2. Let i be q(-1). Suppose 486 = -i*l + 10*l. What is the units digit of l?
1
Let n(j) = -j**2 - 11*j - 10. Let a be n(-9). Suppose a*m - 110 = 3*m. What is the tens digit of m?
2
Let a = 859 + 740. What is the hundreds digit of a?
5
Suppose -o - o = -4. Suppose 5*v + 5*l - 187 = 2*l, 0 = v + o*l - 36. What is the units digit of v?
8
Suppose -q - 125 = -s, 4*s - 3*s + 247 = -2*q. Let x = -21 - q. What is the hundreds digit of x?
1
Let j(x) = 73*x + 52. What is the tens digit of j(17)?
9
Suppose 143 = 5*o + 3. Suppose -2*f = 2*f - 5*p - o, -f - 18 = 5*p. What is the units digit of f?
2
Let i be 1*-2*(-86)/(-4). Suppose 366 = -8*m - 202. Let f = i - m. What is the units digit of f?
8
Suppose 0 = -2*a + 4*x - 3 + 13, 10 = 4*a + 2*x. Suppose -3*j = -3*o + 39, -a*o + 55 = -j + 12. What is the units digit of (-2)/(-1)*o/6?
5
Let m be 10/(360/(-54))*4/(-3). Let q be (-136)/(-6) + 2/(-3). Suppose -m*u = -70 - q. What is the units digit of u?
6
Let m = -37 - -32. Let x(z) = -4*z + 9. What is the units digit of x(m)?
9
Suppose 4*r = -4*w + 356, -3*r + 0*w - w = -259. What is the units digit of r?
5
Suppose -5*w - m + 6621 = -5*m, -2*m + 6597 = 5*w. What is the hundreds digit of w?
3
Let b be (-122)/18 + (-11)/9 + 1. What is the units digit of (-4617)/(-63) + 2/b?
3
Let o be -1 - ((0 - 1) + 2). Let l(j) = -16*j + 1. What is the tens digit of l(o)?
3
Let p = 460 + -125. Suppose n + p = 5*m, -2*m + 5*n = -0*m - 111. What is the tens digit of m?
6
Let r = 29 - 25. Let c(g) = g + 6. Let u be c(-6). Suppose u = r*i - 32. What is the units digit of i?
8
Let t = -1594 - -2501. What is the units digit of t?
7
Let b = -427 - -661. What is the units digit of b?
4
Suppose 0*w = w - 5. Suppose 25 = -w*m, b - 2*m - 27 + 9 = 0. Suppose -b*f + 204 = -4*f. What is the tens digit of f?
5
Suppose i - 5*l = 868, -5*l + 2997 - 313 = 3*i. What is the tens digit of i?
8
Suppose 12*h - 2*m + 11018 = 14*h, -4*h + 22072 = -5*m. What is the thousands digit of h?
5
Let p(d) = -2*d - 6. Let c be p(-5). Let v be c/(-6)*(-135)/10. Suppose 5*h = b + 117, -4*h + v = 3*b - 96. What is the units digit of h?
4
Suppose -2*l - 6*a = -3*a - 683, -4*l - 3*a + 1381 = 0. What is the units digit of l?
9
Let s = 147 - 30. What is the hundreds digit of s?
1
Let x = -1165 - -1410. What is the hundreds digit of x?
2
What is the tens digit of (-8)/20 - (-83270)/50?
6
What is the tens digit of 4/6*(-3)/2 + 732?
3
Let v(l) = -l**3 - 7*l**2 - 6*l + 3. Let h be v(-6). Suppose h*u + 4*r = 71 + 49, -u = 5*r - 29. What is the tens digit of (-6)/(-4 - (-170)/u)?
4
Suppose -3*i = -4*i + 120. What is the tens digit of 2 + i/(3 + 1)?
3
Suppose 4*m - m = -3*n + 528, -5*m = 4*n - 881. What is the units digit of m?
7
Let d = -602 - -2578. What is the tens digit of d?
7
Suppose -2*s - 6 = -4. What is the units digit of s*39/3*-7?
1
Suppose 0 = -2*b - 6 + 10. Suppose -2*w - 26 = 2*w - 2*g, 10 = b*g. What is the units digit of (-36)/(-8) + (-6)/w?
6
Let p be (3/2)/((-3)/(-258)). Suppose 0 = -11*c - 5 + 60. Suppose p = c*l - 4*b, 0*l - 37 = -l - 2*b. What is the units digit of l?
9
Let n be (-45)/(-18) - (-1615)/2. Suppose n = -40*s + 45*s. What is the units digit of s?
2
Let t(v) = -304*v + 119. What is the thousands digit of t(-3)?
1
Let y(a) be the second derivative of -a**5/24 - a**4/6 - 7*a**3/6 - 3*a. Let g(o) be the second derivative of y(o). What is the units digit of g(-6)?
6
Let n be (-1)/(65/(-30) + 2). What is the units digit of ((-9)/n - -2)*(64 - -6)?
5
Suppose -5*u + 185 = -0*u. Let k = u + -27. What is the tens digit of k?
1
Let z(x) be the first derivative of -10 + 2/3*x**3 + 12*x + 11/2*x**2. What is the tens digit of z(-8)?
5
Suppose -5*c - 1 = -4*x - 19, 2*c + 5*x = -6. Suppose 2*k = 66 - 14. What is the units digit of k/c - 8/(-8)?
4
Suppose 4*p = 2*p + 8. Suppose z = -4*l + 9, p*z + 2*l - l = -9. What is the units digit of (-2)/(-3) - 13/z?
5
Suppose -204 = -4*l + 2816. What is the hundreds digit of l?
7
Let d = -3 + -5. Let h be d/16 - 123/(-2). Let a = h + -35. What is the units digit of a?
6
Let t = -1256 + 4025. What is the hundreds digit of t?
7
Let u(x) = -x**3 - 18*x**2 - 17*x - 10. Let y be u(-17). Let l(q) be the second derivative of q**3/6 + 17*q**2/2 - 6*q. What is the units digit of l(y)?
7
What is the thousands digit of ((-12468)/(-30))/(3/(-5) - -1)?
1
Suppose -335 = -4*p - 5*z, 2*p + z - 44 = 125. Let y = p + 1. What is the tens digit of y?
8
Suppose -21*w = -4*w - 612. Suppose 0 = -3*l + 4*t - 2*t + 49, -3*l + 5*t + 55 = 0. Let p = w - l. What is the units digit of p?
1
Let k(a) = a + 10. Let p be k(-4). Let o = p + -12. Let q = 7 - o. What is the units digit of q?
3
Let w(m) = -34*m + 1. Let l(y) = -67*y + 1. Let d(s) = 6*l(s) - 11*w(s). What is the units digit of d(-5)?
5
Let z be (-74)/(-14) + 2/(-7). Suppose 0 = -19*o - 137 + 1011. Suppose o = z*x - 139. What is the tens digit of x?
3
Let b = 39 - 31. What is the units digit of b?
8
Suppose 0 = a - 0*a. Suppose a = -6*l + 3*l + 258. What is the units digit of l?
6
Suppose -23 = 5*r - 1018. What is the units digit of r?
9
Suppose 2*r = -10, -n - 85 + 384 = 5*r. What is the hundreds digit of n?
3
Suppose 41*d - 2258 + 208 = 0. What is the tens digit of d?
5
Let o(p) = 209*p**2 - 46*p + 150. What is the thousands digit of o(3)?
1
Let r = 4 + 4. Let q be 264/r*1/3. Suppose 109 = 3*i - q. What is the units digit of i?
0
Let o be 5 + 3 + (-1 - 4). Suppose -162 = -o*r - 3*r. What is the tens digit of r?
2
Let n = 36 - 26. Suppose 0 = 5*c - n*c. Suppose 30*l - 32*l + 26 = c. What is the tens digit of l?
1
Let s be 2*45*6*2/15. Suppose -q = -4*v - 75, 0 = 3*q - 3*v - 198 - s. What is the units digit of q?
5
Suppose m + u - 40 = 0, 3*m - 2*u = 46 + 54. What is the tens digit of m?
3
Let c(m) = -120*m + 155. What is the thousands digit of c(-10)?
1
Suppose -23*a - 12389 = -49971. What is the hundreds digit of a?
6
Suppose 72*l = 45*l + 2133. What is the tens digit of l?
7
Let g(w) = 181*w + 69. What is the tens digit of g(15)?
8
Let z(f) = f**2 + 5*f. Suppose -3*k + 5*k + 20 = 0. What is the units digit of z(k)?
0
Suppose 15 = 5*i - 5. Let b(d) = 16*d**2 + 12*d - 6. Let g be b(-3). Suppose 5*m - 100 = 3*l, 0 = i*m - l + 22 - g. What is the tens digit of m?
2
Suppose -74 - 31 = -5*m. Let u = 59 - m